(-2*(2 - 3)). Suppose 5*r - 15 = -5. Suppose r*d + 10 = 5*i, l = 2*i - 7*i - 5*d + 10. Calculate y(i).
-7
Let o(k) = k**3 - 5*k**2 + 4*k - 3. Let s be 1 - -6*(-2)/(-4). What is o(s)?
-3
Suppose -2*r - r + 9 = 0. Let n be r/(-6) - 3/6. Let h(z) = -39*z**3 - 21*z**2. Let t(g) = 4*g**3 + 2*g**2. Let d(j) = 2*h(j) + 21*t(j). What is d(n)?
-6
Let i(m) be the first derivative of m**3/3 + m**2 - 4*m + 214. Let q(u) be the third derivative of u**4/12 - u**3/2 + u**2. Let h be q(3). Calculate i(h).
11
Let p(t) be the first derivative of t**4/4 - 2*t**3 + 7*t**2/2 - 10. Give p(5).
10
Let a = -5 + 1. Let k be a*(6/(-3) + 1). Let x(t) = 5*t**3 + 11*t**2 + t + 13. Let v(u) = -u**3 - 3*u**2 - 3. Let c(d) = 9*v(d) + 2*x(d). What is c(k)?
-9
Let a(o) = o**2 - 4*o - 5. Let y be (5 + -10)*3/3*-1. Calculate a(y).
0
Suppose 9 = -5*g - 21. Let f be 5 + -3 + 1*-5. Let a(l) = l + 4. Let y(p) = -1. Let w(x) = f*y(x) - a(x). What is w(g)?
5
Let f(c) = -2*c**2 - 3*c - 8. Let d(a) = a**2 + a + 4. Let m = 3 + -5. Let l(n) = m*f(n) - 5*d(n). Suppose -3*o - o = -12. Determine l(o).
-10
Let p(d) = 7*d**2 - 10*d + 17. Let m(r) = r**2 + 1. Let v(n) = 6*m(n) - p(n). Calculate v(8).
5
Let l = 21 + -28. Let b(s) = -s**3 - 6*s**2 + 5*s - 10. Determine b(l).
4
Let b(l) = -4*l - 1. Let o(a) = -11*a - 3. Let i(z) = 8*b(z) - 3*o(z). Suppose 3*f - 12 = 0, -3*v + 0*f = -f - 11. What is i(v)?
6
Let m(c) = c**3 - 2*c**3 + 6*c**2 + 7*c - 5 - 2*c**2. Suppose 3*f + 5 = 4*f. Determine m(f).
5
Let f(v) = v**3 - 5*v + 4*v - 2 - 6 + 6*v**2. What is f(-6)?
-2
Let k(h) = -h**3 + 5*h**2 - 3. Let b be k(5). Let j(c) = 3*c**2 - 3*c - 6. Let a(f) = 4*f**2 - 5*f - 9. Let i(n) = 5*a(n) - 7*j(n). Give i(b).
0
Suppose -2*l + 10 = 18. Let k(f) = 2*f**2 - 5*f. Let c = -5 - -3. Let o(d) = d**2 - 5*d - 1. Let v(g) = c*k(g) + 3*o(g). Determine v(l).
1
Let y(g) = g**3 + 8*g**2 + 8*g + 9. Suppose -w - 15 = 2*l, -2*w = 3*l - 5*l + 6. Give y(w).
2
Let s(c) = -2*c**2 - 1 + 1 - 22*c + 25*c. Calculate s(2).
-2
Let x(r) = r + 6*r**2 - 4*r**3 + 0*r**2 + 3*r**3 - 1. Let h(l) = -l + 18. Let b be h(12). What is x(b)?
5
Let d(f) = -f**2 + 7*f + 5. Let q be d(7). Let z be ((-8)/(-10))/(2/q). Let i(t) = t - 4*t + 4 + t**z + t**3 + 2*t. Calculate i(0).
4
Let n(v) be the second derivative of -v**5/30 + v**3/3 - 2*v**2 + 2*v. Let c(x) be the first derivative of n(x). Calculate c(-2).
-6
Let c(i) = i**2 + 5*i + 3. Let t(z) = z**2 + z. Let l(k) = -c(k) + 2*t(k). Determine l(5).
7
Let c(j) = -j**3 - 4*j**2 - 4*j - 2. Let f = 193 + -196. Determine c(f).
1
Let r(v) = 7. Let m(n) = n + 6. Let f(t) = -6*m(t) + 5*r(t). Let i be f(-1). Let l(c) = c**3 - 4*c**2 - 6*c - 5. What is l(i)?
-10
Let b(k) be the second derivative of k**3/3 - k**2 - k. Let t be b(3). Let g(v) = 2*v + 1 - 2 + 3*v - t*v. What is g(3)?
2
Let h(n) be the third derivative of -n**2 + 0 + 1/24*n**4 - 1/3*n**3 + 0*n + 1/60*n**5. Give h(2).
4
Let s(h) = 4*h + 17*h**3 + 9 - 4*h**2 - 18*h**3 + h - h**2. Calculate s(-6).
15
Let j(a) = -a**3 - a**2 + 2. Suppose -3*c - c + 12 = 0. Let m(p) = -p**2 + 2*p + 1. Let u be m(c). Determine j(u).
6
Let d(k) = 2*k + 5. Let h be (-1)/(8/7 + -1). What is d(h)?
-9
Let r(o) = o**3 + 2*o**2 - 4*o + 3. Suppose 3*b = 5*m - 12, 4*b + 3*m = 2*m - 16. Calculate r(b).
-13
Let x = 4 - -11. Suppose 4*c - x = c. Suppose -3*i + c*i + 6 = 0. Let r(v) = v**3 + 2*v**2 - 5*v - 3. Determine r(i).
3
Suppose 11 = 6*l + 53. Let z(k) = -k**3 - 7*k**2 + 2*k + 9. What is z(l)?
-5
Let s(f) = -14*f + 33*f + 6 - 17*f. Calculate s(6).
18
Let g(v) = v**2 - 6*v + 5*v**2 - 5*v**2 + 6. Suppose -4*z + 41 = 5*u, u - 4*z = -0*z - 11. Suppose u*q + 25 = 5*b - 0*q, 15 = 3*b + q. Determine g(b).
1
Suppose 4*o = 5*r + 25, -3*r - 41 = 3*o - 8*o. Let x(u) = u**3 - 11*u**2 + 11*u - 10. Determine x(o).
0
Let w(f) = -f**2 - 6*f + 11. Let d be w(-7). Let o(g) = g - 5. Give o(d).
-1
Let c(g) be the second derivative of -g**4/12 + g**3/2 - g**2/2 + 12*g. Give c(4).
-5
Let p(f) = f**2 + 92*f - 45*f - 54*f. Give p(6).
-6
Let j(r) = r**2 + 5*r + 7. Let p(w) = w**3 + 3*w**2 - 2*w + 5. Let h be p(-4). Let v be h + -2 + 0/(-1). What is j(v)?
7
Let j(c) = -c**3 + 12*c**2 - 10*c - 10. Suppose -4*f - f = -x - 58, -3*f = -5*x - 48. Calculate j(f).
1
Suppose 3*z + 5*n + 19 - 1 = 0, -4*z - 5*n = 24. Let m(d) = -d**2 - 6*d + 7. Determine m(z).
7
Let q(b) = -b + 6. Let i(z) = -z + 5. Let f(p) = 7*i(p) - 6*q(p). Calculate f(6).
-7
Suppose 7*n - 12*n + 40 = 0. Let z = -14 + n. Let q(d) be the second derivative of -d**4/12 - 4*d**3/3 - 4*d**2 - d. What is q(z)?
4
Let t(l) = l**3 + 3*l**2 + 3*l. Let x be t(-2). Let f(p) = -2*p**3 - 2*p**2 - 2*p - 2. Determine f(x).
10
Let b(a) = 2 - 5*a - 3*a + 4*a. Let t be b(1). Let n(d) = d**3 - d + 1. Determine n(t).
-5
Let z(c) = -c**3 + 6*c**2 - 5*c + 3. Let g be z(5). Suppose -g = i - 2. Let n(f) = -f. What is n(i)?
1
Let b be (-1)/(2/9 + (-25)/72). Let q(k) = -k**3 + 9*k**2 - 9*k + 8. What is q(b)?
0
Let i(n) = n - 17. Suppose 0 = -l - 2*l - 21. Let z(k) = k - 25. Let m(r) = l*i(r) + 5*z(r). Determine m(-4).
2
Let a(d) = d**3 + 2*d**2 + d + 2. Let q(w) = w**3 + 2*w**2 + 2*w + 1. Let m(o) = 3*a(o) - 2*q(o). Let i be 4/26 + 252/52. Suppose i*n + 0 = -15. What is m(n)?
-2
Let b(o) = -o**2. Let k(f) = f**2 - 5*f - 1. Suppose p + 1 = -5*x, 5*x + 0 + 5 = -5*p. Let w(c) = p*k(c) - 2*b(c). Calculate w(-6).
7
Let w(c) be the third derivative of c**4/24 + 2*c**3/3 - 7*c**2. Calculate w(5).
9
Let f(k) = -k**2 + 4*k + 7. Let o be f(6). Let y(p) = -2*p**2 - 4*p + 3. Determine y(o).
-27
Let o(t) = 2*t + 6. Suppose 2*f - 23 = -0*f + g, 4*g + 56 = 5*f. Suppose -2*c + 0 - f = 0. What is o(c)?
-6
Let v(x) = -2*x + 55*x**2 + 3*x - 104*x**2 + 50*x**2. Give v(-4).
12
Let y(o) = -13 - 16 + 24 - 2*o. What is y(-6)?
7
Let p(x) = -6*x**2 + 1 + 8*x + 3 + 5*x**2. Calculate p(7).
11
Suppose -2*h + 0*h = 4. Let a(q) = q**3 - q + 2. What is a(h)?
-4
Suppose y = 3*y + 8. Let s(z) be the third derivative of z**4/8 + 2*z**3/3 - z**2. What is s(y)?
-8
Suppose 2*t = -2*t - 12. Let y be (t/12)/((-1)/(-4)). Let i(b) = -3*b. What is i(y)?
3
Let o(m) = -m**2 - m**3 - 1 + 0*m**3 - 2*m + m**3 + 2*m**3. Suppose -2*k - 7 + 1 = 0. Let a be 3*-2*1/k. What is o(a)?
7
Let x(f) = -f**3 + 6*f**2 - 4. Suppose -4*y - 34 = -5*g, -2*g - 2*y - 2 + 12 = 0. Give x(g).
-4
Let x = 34 - 32. Let v(h) be the third derivative of 7/24*h**4 + 0*h - 2*h**x + 1/60*h**5 + 0 + 0*h**3. What is v(-5)?
-10
Let b(x) = 3*x**3 - 7*x**2 + 2. Suppose -2*y - 3*y = 25. Let u(p) = -p**3 + 3*p**2 - 1. Let t(s) = y*u(s) - 2*b(s). Determine t(0).
1
Let l = -5 - -8. Let a = l - 1. Let j = a - 5. Let g(z) = -z - 4. Determine g(j).
-1
Let g(l) be the second derivative of l**4/12 + 5*l**3/6 - 3*l**2/2 + 2*l + 10. Calculate g(-4).
-7
Let z be -4 - (4 + -8 + -2)/2. Let d(c) = -3*c**2 - c - 1. Determine d(z).
-3
Let g(t) = -t - 3. Let j(i) = -5*i + 30. Let s be j(7). Give g(s).
2
Suppose -16 = 4*x, -x = 3*m - 2*x + 5. Let l be (3 + -1 - 2) + 4. Let v(a) = -3 + a**3 + 3 + a + l*a**2. Give v(m).
6
Let h(r) = -r**3 - r**2 + r + 1. Let x(o) = o**3 - 2*o**2. Let w(d) = -h(d) + x(d). Let q(m) = m - 5. Let j be q(7). Suppose -2*p + j = -4*p. What is w(p)?
-3
Let v(a) = 3 + 0 + 2*a**2 - 2. Suppose 0 = 5*k - 4*z + 10, -k = z + 4*z - 27. Let x be 2 - (3 - 4/k). Calculate v(x).
3
Let k(v) = 11*v + 6 + 11*v - 23*v. What is k(3)?
3
Let i(c) be the first derivative of -c**2 + c - 16. Calculate i(-4).
9
Let n(o) = o + 4. Let p be (7 + -3)/(-4) + -2. Determine n(p).
1
Suppose -8 = 3*o + 5*j, -4*o = -5*j + 35 - 1. Let r(m) = 3*m**2 + 7*m + 4. Let h(g) = -10*g**2 - 21*g - 12. Let d(x) = -2*h(x) - 7*r(x). What is d(o)?
2
Let l(n) = 5*n + 1. Suppose -5*t - 3*a + 2 - 18 = 0, a - 2 = 2*t. Calculate l(t).
-9
Let a(p) = -5*p**2 + 2*p + 1. Suppose 2*g + 0*g + 2 = 0. Let k(f) = f**3 - f**2. Let h(c) = g*a(c) + 5*k(c). Calculate h(-1).
-4
Let j(y) be the third derivative of -y**5/60 - y**4/8 - 5*y**3/6 - 2*y**2. Determine j(-5).
-15
Let f(b) = -b**2 + 8*b - 4. Let v be f(6). Let n(d) = 7*d**3 - v*d**3 - d**2 - d**2 + 2 - 2*d + 0*d**3. Give n(-2).
6
Let t(v) be the second derivative of -3/2*v**2 - 2*v + 1/3*v**3 + 0. What is t(4)?
5
Let y be -2 + 1/(-2)*0. Let g(d) = 32 - 2*d**2 - 62 + 29 - d**3 + d**2. What is g(y)?
3
Let n be (-4)/(-2) + (-1)/1. Let d(i) = 20*i - 21